 the tens digit of t?
1
Let n(v) = v**3 - 20*v**2 - 22*v - 15. What is the tens digit of n(24)?
6
Suppose 24*g - 31*g + 3262 = 0. What is the units digit of g?
6
Suppose 18*i - 9601 = -475. What is the hundreds digit of i?
5
Let v(j) be the second derivative of j**4/12 + j**3 + 2*j**2 - 8*j. Let x be v(6). Suppose -98 + 13 = -3*q + 4*u, 4*u - x = -4*q. What is the tens digit of q?
2
Let z(m) = -102*m + 208. What is the thousands digit of z(-21)?
2
Let o be (-9 + 7)/(1 + 0). Let j = o - -56. What is the tens digit of j?
5
Let f(a) = 36*a**2 - 5*a - 9. What is the hundreds digit of f(-3)?
3
Let q(c) = -c**2 + 1. Let d be q(-2). Let g(y) = -84*y - 6. What is the tens digit of g(d)?
4
Suppose -f + 2 = -2. Let b be 38 + (f/(-1) - -4). Let z = b + -18. What is the units digit of z?
0
Let j = 32 + -12. Suppose x = -0*x + j. What is the tens digit of x?
2
Let c(d) = 4*d**2 - 7*d - 171. What is the units digit of c(-18)?
1
Suppose -61*a + 226170 = 22918. What is the hundreds digit of a?
3
Let j = 3784 - 2752. What is the hundreds digit of j?
0
Let y(w) = -15*w**3 - 5*w**2 + w. Let i(m) = 7*m**3 + 2*m**2. Let q(h) = 13*i(h) + 6*y(h). Suppose -22*z = -43 - 45. What is the tens digit of q(z)?
2
Let r = 6519 - 2282. What is the thousands digit of r?
4
What is the tens digit of 2*-1 + (3956 - -9) + -13?
5
Suppose 28 = -4*l + 11*l. Suppose 0*d = l*d + 2*s - 20, -2*d - 5*s = -2. What is the units digit of d?
6
Suppose -28 = -4*z - 0*z. Let q = -15 + z. What is the tens digit of ((-170)/(-15))/(q/(-12))?
1
Let c(l) be the first derivative of l**2/2 + 9*l - 5. Let m be c(-7). What is the tens digit of (-364)/(-8) - m/(-4)?
4
Suppose -t = 4*t + 165. Let b = t + 85. What is the units digit of b?
2
Suppose k + 44 = -3*k + 4*f, -5*k - 3*f - 39 = 0. Let j = -7 - k. Suppose -8 = -u + j. What is the units digit of u?
0
Let n(k) = 10*k**2 + 3*k - 7. Let o be n(4). Let u = 314 - o. What is the tens digit of u?
4
Let m(q) = q**3 + 9*q**2 + 8*q - 4. Let x be m(-8). Let g = 9 + x. Suppose -g*s + r + 77 = 0, s + r = 9 + 4. What is the tens digit of s?
1
Let u(r) be the first derivative of r**3/3 - 9*r**2/2 + 16*r + 18. What is the units digit of u(11)?
8
Let k = 759 + -645. What is the units digit of k?
4
Let n(z) = -z**3 + 6*z**2 + 7*z + 3. Let u be n(7). Suppose u*w = m + 540, 5*w - m = 1032 - 132. Suppose 0 = -9*p + 14*p - w. What is the units digit of p?
6
Let k(h) = 10*h**3 + 42*h**2 - 2 - h - 42*h**2. Let z be k(2). Suppose -2*u = -0*u - z. What is the tens digit of u?
3
Suppose -12*u + 49878 = 1242. What is the hundreds digit of u?
0
Suppose 0 = -7*s - 13*s + 21620. What is the thousands digit of s?
1
Let k be -5*(-64)/(-18) + (-2)/9. What is the units digit of 185 + (-12)/k*-6?
1
Let q = 6 + 25. Suppose -4*z = -3*z - q. What is the tens digit of z?
3
Let q(l) = -3*l**3 + 11*l - 17*l**3 + 10*l**2 + 10 + 21*l**3. Suppose 3*y = 4*y + 8. What is the tens digit of q(y)?
5
Suppose 12*w = 13*w + 1, 3*z - 2*w = 1988. What is the units digit of z?
2
Suppose 0 = -3*m - 2 + 5. Suppose -4*d + 4 + m = -n, 3*n - 18 = d. What is the units digit of n?
7
Let v be (-46)/14 - (-8)/28. Let s be -14 + (v - -6) + 2. Let x(r) = r**2 + 6*r + 5. What is the tens digit of x(s)?
3
Suppose 219 = -27*d + 22278. What is the tens digit of d?
1
Let b be (-3)/(-2)*(-2 + -4). Let m = 4 + b. What is the units digit of 18/45 - 78/m?
6
Let o = 333 - 2. Suppose -2*p - 2*v + 166 = 0, v = -4*p - 2*v + o. What is the tens digit of p?
8
Suppose -3*n = -2*n + g + 5, 0 = -5*g + 5. Let y = n - -7. Suppose b - 2 + y = 0. What is the units digit of b?
1
Suppose -10*r = -12*r + 48. Let y be 1 + -1 + r/8. Suppose -x = -42 + y. What is the units digit of x?
9
Let m = -20 - -14. What is the tens digit of ((-204)/15)/(m/15)?
3
Let k(m) = 11*m**2 + 3*m**2 + 3*m + 10*m**2. What is the tens digit of k(-2)?
9
Let d = 12 + -8. Let f(p) = 0*p + d*p - 16*p. What is the tens digit of f(-2)?
2
Suppose -1368 = -5*a + 122. What is the units digit of a?
8
Suppose -5*u + 4*j = -2205, j - 20 = -3*j. What is the units digit of u?
5
Let x = 15 - -5. Suppose 0 = -24*l + x*l + 812. What is the hundreds digit of l?
2
Let c = 38 - 25. Let g(b) = b**2 + 1 + 11 - c*b - b. What is the units digit of g(14)?
2
Suppose -m + 5*v - 13 - 6 = 0, 4*v = -4*m - 4. What is the units digit of 4*((-14)/m - 3)?
2
Suppose 3*i - 6*i + 2*i = 0. Suppose i = -4*f + 5*f - 9. What is the units digit of f?
9
Let d(o) = -o + 7. Let x be d(14). Let i(m) be the first derivative of -3*m**2/2 + 2*m + 1. What is the tens digit of i(x)?
2
Suppose -5*i - 4 + 44 = 0. Let a = 13 - i. Suppose 0 = g - 2*g + a. What is the units digit of g?
5
Let p be 63*1*1/3. Suppose 5*v = -p - 19. Let w = 16 + v. What is the units digit of w?
8
Suppose 11*k - 3*k = 0. Suppose -5*g - 2*d + 1006 = k, 67 = -g + d + 271. What is the units digit of g?
2
Let w(v) = 4*v + 1. Let f be w(-2). What is the units digit of (-457)/f - (-20)/(-70)?
5
Let b(r) = 3*r + 1. Let l be b(-4). Let j(v) = -v**2 - 12*v. Let n be j(l). Let a = n - -13. What is the units digit of a?
4
Let m(i) = -i**2 + 9*i + 15. Let b be m(10). Let r(a) = 4*a**2 - a + 23. What is the units digit of r(b)?
8
Let t(o) = 5*o**2 - 18*o - 145. What is the units digit of t(27)?
4
Let l = 305 - 189. Suppose -2*y - 18 = -l. What is the tens digit of y?
4
Suppose 0 = -4*o + 3*o - 8. Let d(j) = 2*j**2 + 12*j + 2. Let b be d(o). Suppose -w = w - b. What is the tens digit of w?
1
Let d(g) = g**3 - g + 3. Let u be d(0). Suppose 4*x + 94 = 5*w, 2*w = x + 3*x + 40. Suppose -u*i + w = -i. What is the units digit of i?
9
Let k(b) = -b + 9. Let i be k(-8). Let r = 17 - i. Suppose r = -3*w + 13 - 1. What is the units digit of w?
4
Suppose -4*j - 4*b + 15 = -b, 4*j = -2*b + 14. Suppose 69 = -2*d + j*d. Suppose x + 4*q - q - d = 0, -x + 4*q = -76. What is the tens digit of x?
7
Let x = -752 - -1111. What is the hundreds digit of x?
3
Suppose 0 = -2*m - 2 + 8. Suppose 2*q + 7 + 19 = -f, 0 = -m*q - 4*f - 29. Let x = q - -27. What is the tens digit of x?
1
Let d = 22 - 16. Let i be 374/18 + d/27. Let q = 23 - i. What is the units digit of q?
2
Suppose 0 = -10*p + 13*p - 2538. What is the tens digit of p?
4
Let a(f) = 12*f**2 + 7*f - 15. What is the tens digit of a(-8)?
9
Let n(x) = 4*x - 1. What is the units digit of n(2)?
7
Suppose 24*n + 4992 = 30*n. What is the units digit of n?
2
Suppose 3*b - 4*m = -m + 9, -3*m = 3*b + 9. Suppose 110*t - 105*t - 1105 = b. What is the units digit of t?
1
What is the thousands digit of 104494/78 + (-4)/(-3)?
1
Let h be 5/45*3 - (-194)/(-6). Let j(g) = -g**2 - 32*g + 39. What is the tens digit of j(h)?
3
Let l(c) = -2*c**3 - c**2 + 57. Let b(v) = v - 7. Let j be b(-12). Let q = 19 + j. What is the tens digit of l(q)?
5
Let j(b) = b**2 + 3*b + 1. Let s be j(-2). What is the units digit of (-129)/(((-6)/(-4))/s)?
6
Suppose -3*a + 0*f + 450 = -4*f, 5*a = 5*f + 750. What is the hundreds digit of a?
1
Let a(i) = -9 + i + 5*i**2 + 2*i**2 - 5*i**2 - 10*i. Suppose y = -h + 4, 5*h - 21 = 5*y + 29. What is the units digit of a(h)?
6
Let p(r) = 193*r - 43. What is the tens digit of p(3)?
3
Let d = -51 - -641. What is the hundreds digit of d?
5
Let z = -26 + 28. Let k be 36/10 - (-2)/5. What is the units digit of ((-2)/(-4))/(z/k)?
1
Suppose -b = -r - 20, 3*r - r = 2. Let t = b - -8. What is the units digit of t?
9
Let r = -26 - -26. Let a = -1 - -5. Suppose r = -a*v + 64. What is the tens digit of v?
1
Let u(g) = -13*g - 2*g**2 + 4*g**2 - g**2 + 13 - g. What is the units digit of u(-7)?
0
What is the hundreds digit of (3 - 338/2)*-1?
1
Suppose 0 = -3*p - 0*p + 6. Suppose -u + k = -36, 4*u + p*k = -u + 201. What is the units digit of u?
9
Let k(u) be the first derivative of 9*u**2/2 - 11*u - 8. What is the units digit of k(7)?
2
Suppose -55*v = 5*v - 16560. What is the hundreds digit of v?
2
Suppose 17*u - 270 = 19*u. What is the units digit of -5*3*(-9)/(u/(-100))?
0
Suppose -989*h = -994*h + 470. What is the units digit of h?
4
Suppose 2*r - 2*z - 882 = 4, -2*z = -r + 441. What is the hundreds digit of r?
4
Let k(q) = q**3 - 16*q**2 + 58*q - 14. What is the units digit of k(16)?
4
Let f(d) = -5*d - 5. Let v be f(-4). Suppose 3*i = -0*i + v. Suppose 0*x + 4*x - 20 = 0, 2*x = i*g - 25. What is the units digit of g?
7
Suppose 